36/(-28) - -1). Let i be (-1)/5 - v/(-35). Suppose -3 = -i*s + 3. Calculate the remainder when 7 is divided by s.
1
Suppose 314*a = 313*a + 36. Calculate the remainder when 41 is divided by a.
5
Let j(y) = y**3 + 41*y**2 + 38*y + 7. Calculate the remainder when 260 is divided by j(-40).
86
Let c = -9614 + 9634. Calculate the remainder when 194/(-4)*-2*1 is divided by c.
17
Suppose -o - 14 + 11 = 0. Calculate the remainder when 10 is divided by -3 + (o - 48/(-4)).
4
Let i be (-96)/(-15) - (-3)/5. Suppose -6*s = -i*s + 22. What is the remainder when s is divided by 12?
10
Suppose 2*j - 15 - 17 = 0. Suppose -3*p - j = -61. Calculate the remainder when 58 is divided by p.
13
Calculate the remainder when (-5 - 45/(-12))/(2/(-152)) is divided by 12.
11
Suppose d = -d + 22. Suppose 9*w - d*w = -8. Suppose 11 = 2*l + 9. Calculate the remainder when w is divided by l.
0
Let f(x) = -3 + 4*x - 2*x**2 - x**2 - x**2 + 5*x**2. Let c = 17 - 14. Calculate the remainder when 51 is divided by f(c).
15
Let t(v) = 100*v + 13. What is the remainder when 20 is divided by t(0)?
7
Let j be -5*(3 + 27/(-15)). Let m be (-267)/j + (-1)/2. Let z = 65 - m. What is the remainder when 81 is divided by z?
18
Suppose 4*m = 4*d + m + 59, -2*d = -5*m + 33. Calculate the remainder when 13 is divided by 12/(-18) + d/(-3).
1
Suppose -4*l = -5*z + 6, -3*z - l + 5 = -2. Suppose 0 = z*w + 3*w + b - 314, w + 2*b = 61. What is the remainder when w is divided by 32?
31
Suppose 2*h = -0*q + q + 259, 488 = 4*h + 4*q. Calculate the remainder when h is divided by 16/(9*(-2)/6 - 7/(-2)).
31
Let m(q) = q - 11. Let h(d) = -d**2 + 11*d - 5. Let w be h(9). What is the remainder when m(w) is divided by (-288)/(-153) - 4/(-34)?
0
Let p = 1 - 0. Calculate the remainder when (-64)/(-544) - (0 - 472/34) is divided by (-16)/(-3) + p/(-3).
4
Suppose 5*u + 456 = -314. What is the remainder when 75 is divided by u/(-6) + (18/(-27))/(-2)?
23
Let a(b) = -49*b + 5. Let x be a(3). Let u = x - -402. Let t = u - 174. Calculate the remainder when t is divided by 22.
20
Suppose 0 = -t - 16 + 24. Let x be (40/12)/(6/351). Suppose 16*l - x = 11*l. What is the remainder when l is divided by t?
7
Suppose -6*h + 150 = -h. Calculate the remainder when 15 is divided by ((-96)/h)/(6/(-15)).
7
Let w(h) = -h**3 - 42*h**2 + 42*h - 12. What is the remainder when w(-43) is divided by 3?
1
Let w = 7 - 4. Suppose -4*h + 2*m + 220 = 0, 0 = h - w*m - 2*m - 55. Suppose 73*v - 35*v = 1102. Calculate the remainder when h is divided by v.
26
Suppose 3*j + 3*d = 81, -5*j - 2*d + 0*d + 147 = 0. Suppose 330 = 6*o - 36. What is the remainder when o is divided by j?
30
Let t(n) = -n**3 - 3*n**2 + 7*n + 6. Let j = 2207 - 2106. What is the remainder when j is divided by t(-5)?
17
Suppose -2*k + 16 = 2*k. Suppose -q + 55 = -k. What is the remainder when q is divided by 10?
9
Let c(n) = 13*n**2 - 28*n - 169. Let s(p) = 7*p**2 - 14*p - 84. Let b(y) = 6*c(y) - 11*s(y). Calculate the remainder when 16 is divided by b(19).
1
Let z(h) = -h**2 - 20*h - 61. What is the remainder when 69 is divided by z(-14)?
0
Let f be (-6)/8 + 36/48. Suppose -23 = -d + 2*p, f = 4*p - 2*p + 8. Calculate the remainder when 27 is divided by d.
12
What is the remainder when (-8)/(-68) - ((-20596)/68 - 9) is divided by 21?
18
Calculate the remainder when 183 is divided by (74/(-10))/(1/(-5)).
35
Calculate the remainder when 128 is divided by ((-90)/21)/((-105)/490).
8
Let q(z) = -11*z + 1. Let k be q(5). Let h be (k/2)/(27/(-36)). Let w = h - 20. Calculate the remainder when 45 is divided by w.
13
Let y(x) = -x**3 - 4*x**2 + 3*x - 7. Suppose 20 - 72 = -4*v. Suppose -3*h + 3*u = -4 - 2, v = 3*h + 4*u. What is the remainder when y(-5) is divided by h?
0
Let m(w) = -w**3 + 5*w**2 - 3*w + 10. Calculate the remainder when 67 is divided by m(4).
11
Let k = -257 - -275. Calculate the remainder when 86 is divided by k.
14
Let v = 20 + 5. Suppose t - 17 = -3*s, 3*s - t = -s + v. Calculate the remainder when s is divided by 2*(-2)/(-1*2).
0
Suppose -3*c = -0*c + y - 7, 3*y = -2*c. Suppose 5*j + 20 = 0, w = j + j + 34. Suppose w*n = 197 + 63. Calculate the remainder when n is divided by c.
1
Let r = -1008 + 1231. What is the remainder when r is divided by 45?
43
Suppose 4 = q - 0. Let s(b) = b**3 - 5*b**2 + 6*b - 1. Calculate the remainder when 19 - (-5 + 105/(-49) + 12/(-14)) is divided by s(q).
6
Let g = 27 + -25. Calculate the remainder when 27 is divided by (405/6)/9*g.
12
Let j be (96/(-20) - -5)*-5. Calculate the remainder when 121 is divided by (4 - 35)*j - 0.
28
Let y(p) = -p**3 - 5*p**2 + 5. Let q = 3 + -4. Calculate the remainder when (q*3)/(24/(-152)) is divided by y(-5).
4
Let h(r) = -2*r**2 + 9*r + 54. What is the remainder when h(0) is divided by 4?
2
Let y(j) = -j**3 + 6*j**2 - 5*j - 7. Let r be y(5). Suppose 0 = -t + 3*k - 20 + 4, -t = -k + 16. Let v = r - t. What is the remainder when 34 is divided by v?
7
Suppose 0 = 8*y - 3749 - 499. What is the remainder when y is divided by 18?
9
Let x(w) = 3*w**2 + 10*w - 22. Calculate the remainder when 174 is divided by x(-8).
84
Calculate the remainder when 266 is divided by 2/4*(20 + 148).
14
Suppose -2*p + 237 - 221 = 0. What is the remainder when 14 is divided by p?
6
Let u(k) = -25*k + 249. What is the remainder when 516 is divided by u(7)?
72
Suppose 4*m + 3*q = 33, 1 - 28 = -2*m - 5*q. Let n(v) = 6*v**2 + 224*v - 131. What is the remainder when n(-38) is divided by m?
3
Suppose 2*o = -2*b + 6, -5*b + 7 = -3*o - 8. Let d = -31 - -33. Calculate the remainder when b is divided by d.
1
Suppose 311 + 681 = 16*u. What is the remainder when 572 is divided by u?
14
Suppose 6*p - 5*p = 33. Let s = p + 16. Suppose 4*r - 85 = -r. Calculate the remainder when s is divided by r.
15
Let g(o) = -o**3 - 5*o**2 - 4*o + 6. Let w = 13 + 1. Calculate the remainder when g(-5) is divided by w.
12
Suppose 0 = n - 0*n - 215. Calculate the remainder when n is divided by 34.
11
Let s = -8 - -13. Suppose 2*g = 77 + 1. What is the remainder when g is divided by 123/6 + s/10?
18
Let f be 3/((-45)/(-10) + -3). Suppose 3*a = 5*w - 22 - 23, -3*w = f*a - 46. Calculate the remainder when 71 is divided by w.
11
Let c = 40 + -69. Let b = c + 82. Suppose 0 = 4*n + 3*t - 68, n - 10 - 20 = -4*t. What is the remainder when b is divided by n?
11
Suppose f - 4 = 2. Let b = -60 + 42. Let h = b - -40. What is the remainder when h is divided by f?
4
Let n(y) = 11*y**2 - 3*y + 9. Let l be 1/((-5)/(-1)) - (-56)/20. Calculate the remainder when n(l) is divided by 5.
4
Suppose 0 = -3*w + w - 56. Let c = -12 - w. Suppose -3*j = -5*x + 318, 91*j = -5*x + 90*j + 314. Calculate the remainder when x is divided by c.
15
Suppose -20*c - 11*c + 7564 = 0. What is the remainder when c is divided by 62?
58
Let h = 405 - 232. What is the remainder when h is divided by 58?
57
Suppose -2*x + p = -32, -4*x + p + 76 = 2*p. Suppose -x*y + 23*y - 215 = 0. Calculate the remainder when y is divided by 0/(-1 + 3) + 9.
7
Let k = 31 + -35. What is the remainder when 6/(-4) + (-154)/k is divided by 10?
7
Let d(q) = 93*q**3 - 4*q**2 - q + 13. Let r(u) = -46*u**3 + 2*u**2 + u - 6. Let j(g) = -2*d(g) - 5*r(g). Calculate the remainder when 128 is divided by j(1).
42
Suppose 3*v + 4*f = 21, 4*f - 30 = -5*v + 13. What is the remainder when 35 is divided by v?
2
Let l = -22 + 64. Let u(j) = -j**3 + j**2 + 3*j + 15. Calculate the remainder when u(-4) is divided by l.
41
Suppose 0 = -7*n - n + 1344. Suppose n = 4*x - 3*t, -2*x - 3*t + 4*t + 84 = 0. Calculate the remainder when 82 is divided by x.
40
What is the remainder when 22/77 + (-976)/(-14) is divided by 31?
8
Let j = 391 + -357. Calculate the remainder when 65 is divided by j.
31
Let v(c) = 4*c + 238. What is the remainder when v(-6) is divided by 54?
52
Suppose 160*y - 151*y = 207. Calculate the remainder when 39 is divided by y.
16
Suppose 76 = 13*k - 9*k. Suppose 34 = -5*n - g + 216, -4*g = -2*n + 86. Calculate the remainder when n is divided by k - 3 - (-6 + 3).
18
Let k be (-27)/15*(-70)/21. Suppose 10*z - 44 = k*z. What is the remainder when z is divided by 6?
5
Let z = -1155 - -1159. What is the remainder when 231 is divided by z?
3
Suppose -o + 20 = q - 5*q, -77 = -5*o - 3*q. Suppose 0 = -4*c + g + 22, -c = -4*c + g + o. What 